undreds digit of (48/(-5))/((-1656)/150 - -11)?
2
Suppose -5*f - 309 = -989. Let v = f - 83. What is the tens digit of v?
5
Suppose 16*a - 17*a - 3450 = -5*j, 2*j - 1380 = -2*a. What is the hundreds digit of j?
6
Let b(r) = -12*r**2 + 8*r - 8. Let x(w) = -35*w**2 + 23*w - 23. Let o(m) = 17*b(m) - 6*x(m). What is the tens digit of o(3)?
5
Let v(x) = 7*x - 10. Let o be v(3). Suppose 0*y - 2*y = -u + o, -u - 3*y - 14 = 0. Let l = 4 + u. What is the units digit of l?
5
Let s(b) = -2*b**3 - 18*b**2 + 20*b + 73. What is the hundreds digit of s(-16)?
3
Suppose -8*p + 368 = 32. Let q = p + 123. What is the tens digit of q?
6
Let k be (-6)/(-2)*(-32)/(-24). Suppose l - k = -0. Suppose -2*z = z - 4*h - 46, z = -l*h + 26. What is the tens digit of z?
1
Let h be -3*(-3 - (1 + 3)). Let b = h - -11. What is the units digit of ((-18)/4)/((-6)/b)?
4
Let r be (-12)/(-2)*6/9. Suppose -r*a = -16 - 56. Let q = a - 0. What is the units digit of q?
8
Suppose -37609 = -9*u - 5587. What is the hundreds digit of u?
5
Let g = 323 - -39. What is the hundreds digit of g?
3
Suppose 7*c = 10*c + 4*n - 2667, 2*n = -c + 887. What is the hundreds digit of c?
8
Let o = 247 - -117. What is the units digit of o?
4
Suppose 0 = 2*g - 5*g + 15. Suppose 47 = g*j - 158. What is the tens digit of j?
4
Let a be (12/(-15))/((-1182)/590 + 2). Let i = a + -83. What is the hundreds digit of i?
1
Let f(o) = 5 - 2 + o - 8*o + 1 + 3*o**2. What is the units digit of f(6)?
0
Let x(u) = 52*u**2 + 9*u + 13. What is the thousands digit of x(-7)?
2
Suppose 3*i - 2*m - 20 = 0, i + 6*m = 3*m - 8. Suppose i*j = 147 + 81. What is the units digit of j?
7
Suppose 3*u + 8 = 7*u, -2*y - 4*u + 4868 = 0. What is the tens digit of y?
3
Let o be ((-45)/30)/(1/(-12)). What is the tens digit of (9/(-6))/(o/(-312))?
2
Suppose -v - 12*v + 8970 = 0. What is the units digit of v?
0
Let q(u) = 18*u**2 - 14*u - 67. What is the tens digit of q(-6)?
6
Let o = 1329 + -900. What is the tens digit of o?
2
Suppose 0*t = 3*v + 5*t - 434, -4*v - 3*t + 586 = 0. Suppose 17 + v = 4*r + 3*j, -5*r = j - 198. What is the tens digit of r?
3
Let g = -341 - -2897. What is the units digit of g?
6
Suppose -m = c - 2223, 2*c = -17 + 21. What is the thousands digit of m?
2
Suppose 0 = -3*o + 5*o + q + 4, -o = 2*q + 8. Suppose o = h - 4*h. Let g = h - -3. What is the units digit of g?
3
Let n = 71 + -98. Suppose -92 = -4*g + 2*g. Let x = n + g. What is the units digit of x?
9
Let j = 108 + -103. What is the tens digit of j - (-1)/(1/40)?
4
Let d(l) = -3*l**3 - 5*l**2 - 7*l - 2. Suppose 3*i - 12 + 21 = 0. What is the tens digit of d(i)?
5
Let v be ((-60)/(-10))/(0 - -2). Let d(a) = 2*a**2 - 24*a + 5. Let t(r) = -r**2 + 12*r - 2. Let z(c) = v*d(c) + 5*t(c). What is the tens digit of z(13)?
1
Suppose -4*i + 1 = -5*i - 5*b, 4*i = b + 59. Let n = i + -14. What is the units digit of (-1 - n)*(-21 - 3)?
4
Suppose -r + 264 = 4*p - 1005, 5*r - 6297 = -4*p. What is the tens digit of r?
5
Let j(o) be the second derivative of -o**5/20 - 3*o**4/4 - o**3/2 - 13*o**2/2 + 3*o. Let u be j(-9). Let f = -6 + u. What is the units digit of f?
8
Suppose -2*j + 3*j + 4 = 0, -j + 2002 = 2*h. What is the hundreds digit of h?
0
Let a = -518 - -2704. What is the tens digit of a?
8
Let n = 1 + 0. Let f = -1 + n. Suppose -3*j - 32 + 98 = f. What is the tens digit of j?
2
Let r be 6/(-10) + 288/30. Let y = r + -3. What is the units digit of (-356)/(-12) - 4/y?
9
Suppose -8*s + s + 707 = 0. What is the tens digit of s?
0
Suppose -4 = -4*j, 57 + 110 = 3*z + 2*j. What is the units digit of z?
5
What is the thousands digit of (-14 - -9) + (1284 - 0/(-2))?
1
Let w(v) be the third derivative of -v**6/120 + v**5/10 + v**4/3 - 7*v**3/6 + 21*v**2. What is the units digit of w(6)?
1
Let w(z) = -2*z**3 - 2*z**2 - 3*z + 4. Let a be w(-3). Let i be 65 + -19 - (4/(-2) + 1). Suppose -4*s + i = -a. What is the units digit of s?
4
Suppose -5*n = -2*m - 6397, -287*m = -n - 288*m + 1285. What is the thousands digit of n?
1
Suppose 19*h - 72*h = -105152. What is the tens digit of h?
8
Suppose -29*f + 38*f = 1251. What is the tens digit of f?
3
Suppose s - 2*b = 0, -6*b = -2*s - b + 1. Let o be -60 + s - 1*-4. Let p = o + 101. What is the units digit of p?
3
Let m(n) = -n**2 + 11*n + 16. Suppose 12 = -2*j - 4*b, -2*j + 6*b + 12 = 2*b. Let l = j + 11. What is the units digit of m(l)?
6
Suppose -4*x - 48 = -4*b, b + 4*x - 15 = -4*b. Let l = 0 + b. Suppose -4*o + i = -l, 0*i = -4*o - 5*i + 37. What is the units digit of o?
3
Let b(v) = -v**2 - 11*v + 4. Let n be b(-11). Suppose -8 = -n*d + 12. Suppose -d*h = -38 - 17. What is the tens digit of h?
1
Let n be (1 - -9)/(2 + 2 + -2). What is the tens digit of (-177)/(-2) - (n + 55/(-10))?
8
Suppose 41*o - 6531 = 34*o. What is the units digit of o?
3
Let s be ((-346)/(-3))/(3/18). Suppose -h + 142 = r, h + 4*h - 4*r = s. What is the units digit of h*4*4/40?
6
Let n(h) = 2*h - 18. Suppose -86 + 26 = -5*p. Let b be n(p). Suppose 3*s - s - b = 0. What is the units digit of s?
3
Suppose 5*v = 5*j + 7295, v + 291 - 1740 = -j. What is the thousands digit of v?
1
Let t(b) = 56*b**2 - 1. Suppose 3 = -u - 2*w, -4*u = -5*u - 4*w - 7. What is the units digit of t(u)?
5
What is the tens digit of 4/(3 - -5) + (-17685)/(-6)?
4
Let t(i) = 4*i**2 - 2*i. Suppose 6*k + 29 = -13. Let l(j) = -j**2 - 7*j + 3. Let f be l(k). What is the tens digit of t(f)?
3
Suppose 0*t = 4*t - 64. Let n be (-3)/(-2)*t/12. Suppose 3*z + 3*u - 45 = 0, u - 5 = z - n*u. What is the tens digit of z?
1
Let g = -12 + -6. Let q = 16 + g. What is the units digit of ((-24)/(-10))/(q/(-30))?
6
Suppose -4*t + 10 = -z, 2*t = 8*z - 4*z - 2. Let o be (-4)/8 + (-54)/(-4). Suppose 20 = 5*i, 4*i - 35 = -z*f + o. What is the units digit of f?
6
Let j = 62 - -64. Suppose 3*z = j - 111. What is the units digit of z?
5
Let k be (1 - -1)*(-4)/8. Let c be k*5*4/(-10). What is the units digit of 5 - -15 - (0 + c)?
8
Suppose 0 = m + 6 - 4. Let g(h) = -518*h - 23 + 501*h + 19. What is the units digit of g(m)?
0
Let d = 1097 + -307. What is the hundreds digit of d?
7
Suppose 0 = q + 2*r + 4, -4 + 14 = q - 5*r. Suppose -8*f + 7*f + 134 = q. What is the units digit of f?
4
Let d(u) = -u**2 - 13*u + 17. Let i be d(-14). Suppose -4*y - 153 = 4*g - 1049, -3*g + i = 0. What is the hundreds digit of y?
2
Let n(i) = i**2 + i + 6. Let l be n(0). Let t = 4 - l. What is the tens digit of (40/(-12))/(t/18)?
3
Let s = -2 - -845. What is the units digit of s?
3
Suppose -3*g + 860 = -0*j + 4*j, 0 = -2*j - 2. Suppose 7824 + g = 24*n. What is the tens digit of n?
3
Let g = 83 - 76. Suppose 5*q = -2*k + 347, -3*k = -4*q - 525 - g. What is the hundreds digit of k?
1
Suppose a = -2*m + 4493, -12*m + 11*m - a = -2249. What is the hundreds digit of m?
2
Let k = 228 - -515. What is the units digit of k?
3
What is the tens digit of (2/(-4))/(55/(-194370))?
6
Let c = 4 - 1. Suppose c*h + 2*h = 105. What is the units digit of h?
1
Let v(x) = 11*x**2 - x - 4. Let s = -1 + -5. Let j(c) = 5*c**2 - c - 2. Let p(n) = s*v(n) + 13*j(n). What is the units digit of p(-6)?
4
Let u(m) = 1. Let t(h) = -h**2 - 18*h + 4. Let o(w) = t(w) - 4*u(w). Let s be o(-15). Let l = s + -14. What is the units digit of l?
1
Suppose 27 = c + 2*y + 119, -4*y = 5*c + 430. Let k = 188 - 325. Let i = c - k. What is the units digit of i?
5
Let i = -12 + -31. Let l = 75 + 2. Let y = i + l. What is the units digit of y?
4
Let d = 2 - 9. Let y(a) = -a**3 - 6*a**2 + 4. What is the units digit of y(d)?
3
What is the tens digit of -6 + 10 + (7740/4 - -5)?
4
Suppose 21880 = -769*w + 779*w. What is the tens digit of w?
8
Let c(a) = -60*a + 18. What is the units digit of c(-1)?
8
Suppose -12 = -p + 4*f - f, 0 = 5*p - 2*f - 34. Let w(c) = 6 - c + p - 2. What is the units digit of w(0)?
0
Suppose 5*m - 30 = -90. Let s = 18 + m. What is the units digit of s?
6
Suppose -2*t + 5*t = -5*w - 1127, 1520 = -4*t + 2*w. Let g = 553 + t. What is the hundreds digit of g?
1
Suppose 3*p - 6*h = -h + 2, 2*h = -3*p + 16. What is the units digit of 184 + -2*2/p?
3
Suppose 3*p - 3*h = -0*h - 15, -2*h + 10 = 3*p. Suppose p = 31*f - 35*f + 480. What is the units digit of f?
0
Let x = 2 - -12. Suppose 0 = 6*i - 7*i + x. What is the units digit of i?
4
Let x(s) be the first derivative of 0*s + 2/